or of 5145 and 21168.
147
Calculate the highest common factor of 1065 and 1965.
15
What is the greatest common factor of 29 and 2140490?
29
What is the highest common divisor of 915954 and 156?
78
What is the greatest common factor of 42233 and 4304?
269
What is the highest common factor of 1665 and 159581?
37
Calculate the greatest common factor of 1110 and 1304805.
555
What is the greatest common factor of 1465 and 606803?
293
Calculate the greatest common factor of 30396 and 16.
4
What is the greatest common factor of 496 and 77376?
496
Calculate the highest common factor of 102720 and 1280.
320
Calculate the highest common divisor of 454920 and 1224.
408
Calculate the greatest common divisor of 42240 and 1650.
330
What is the highest common divisor of 5 and 2143220?
5
Calculate the highest common divisor of 1993590 and 918.
306
Calculate the highest common divisor of 15604 and 752.
188
What is the greatest common factor of 68 and 32072?
4
What is the greatest common factor of 40338 and 2?
2
What is the highest common divisor of 21502 and 42?
2
Calculate the greatest common divisor of 1304 and 97148.
652
Calculate the greatest common divisor of 205 and 4369780.
205
Calculate the highest common divisor of 86338 and 7546.
98
Calculate the highest common factor of 5223 and 1179.
3
Calculate the highest common divisor of 85 and 304055.
5
What is the highest common divisor of 1449 and 27657?
63
Calculate the greatest common divisor of 132 and 13398.
66
What is the highest common divisor of 26368 and 1957?
103
Calculate the greatest common divisor of 20643 and 168.
21
Calculate the highest common factor of 325 and 1975.
25
What is the highest common factor of 18 and 67059?
9
What is the greatest common divisor of 865 and 25518365?
865
What is the greatest common factor of 578 and 9?
1
Calculate the greatest common divisor of 517 and 3839.
11
What is the greatest common factor of 112 and 1582?
14
What is the highest common divisor of 22372 and 357?
119
Calculate the highest common factor of 3320 and 3984.
664
What is the greatest common factor of 328 and 16277?
41
What is the greatest common factor of 3009303 and 99?
99
What is the highest common factor of 55 and 625?
5
Calculate the greatest common factor of 423878 and 416.
26
What is the highest common divisor of 274 and 153851?
137
What is the greatest common divisor of 9 and 9033?
3
What is the highest common divisor of 56 and 1207304?
56
Calculate the highest common divisor of 6817 and 2.
1
Calculate the greatest common divisor of 13820 and 180.
20
Calculate the greatest common divisor of 315 and 777.
21
Calculate the greatest common divisor of 2916 and 4320.
108
What is the greatest common divisor of 77855 and 368?
23
Calculate the greatest common divisor of 17 and 353175.
17
What is the highest common factor of 1600 and 1816800?
800
What is the highest common factor of 2529 and 22199?
281
Calculate the highest common divisor of 283542 and 301.
301
Calculate the highest common divisor of 1341 and 63.
9
Calculate the highest common divisor of 533491 and 56.
7
What is the greatest common divisor of 344 and 47300?
172
Calculate the greatest common factor of 291 and 5917.
97
What is the highest common divisor of 48 and 152624?
16
Calculate the highest common factor of 428 and 1488049.
107
What is the highest common divisor of 224 and 4355120?
112
Calculate the greatest common divisor of 36 and 414108.
36
Calculate the highest common factor of 6160 and 996380.
1540
What is the greatest common divisor of 27200 and 3944?
136
What is the greatest common factor of 5712 and 8806?
238
Calculate the greatest common divisor of 84 and 347466.
42
Calculate the highest common factor of 3292 and 28.
4
What is the greatest common factor of 457053 and 146?
73
What is the greatest common factor of 976 and 12?
4
Calculate the greatest common factor of 162460 and 220.
20
What is the highest common factor of 1120 and 208264?
56
Calculate the greatest common divisor of 38640 and 43953.
483
What is the highest common divisor of 8784 and 3111?
183
What is the highest common divisor of 285 and 7277?
19
What is the greatest common factor of 248624 and 82?
82
Calculate the greatest common divisor of 242793 and 3.
3
Calculate the highest common factor of 717 and 740661.
717
Calculate the greatest common divisor of 702 and 16281.
27
Calculate the greatest common divisor of 30 and 93405.
15
What is the greatest common divisor of 4278 and 8050?
46
Calculate the greatest common divisor of 112 and 120554.
14
Calculate the greatest common factor of 47380 and 46.
46
What is the highest common divisor of 856 and 156220?
428
Calculate the greatest common divisor of 8368 and 912.
16
What is the highest common divisor of 19 and 435?
1
What is the greatest common divisor of 13375 and 1926?
107
What is the highest common divisor of 260 and 1343030?
130
Calculate the highest common factor of 22893 and 7488.
39
What is the highest common divisor of 853 and 1961900?
853
Calculate the highest common divisor of 293325 and 705.
15
What is the highest common factor of 42896 and 32?
16
What is the greatest common divisor of 57 and 4351?
19
What is the greatest common divisor of 640 and 595?
5
What is the greatest common divisor of 8 and 30424?
8
Calculate the greatest common divisor of 24720 and 44760.
120
What is the highest common divisor of 48701 and 2573?
31
What is the greatest common divisor of 124656 and 19716?
636
Calculate the greatest common divisor of 463614 and 12.
6
Calculate the highest common factor of 77 and 11594.
11
What is the greatest common divisor of 115 and 3772?
23
Calculate the greatest common factor of 1400 and 4648.
56
What is the greatest common divisor of 47 and 2914799?
47
What is the highest common divisor of 149530 and 2?
2
What is the highest common divisor of 6682 and 872258?
514
What is the highest common divisor of 8740 and 304?
76
What is the highest common factor of 26638 and 3268?
38
What is the highest common divisor of 2193 and 8127?
129
Calculate the highest common divisor of 1506 and 138.
6
Calculate the greatest common factor of 37940 and 105.
35
Calculate the greatest common divisor of 630 and 3675.
105
What is the greatest common divisor of 15 and 30909?
3
What is the greatest common divisor of 5583 and 249?
3
What is the highest common factor of 172 and 66779?
43
What is the greatest common factor of 1478 and 930401?
739
Calculate the highest common factor of 45 and 5464755.
45
What is the greatest common factor of 560 and 189056?
112
What is the greatest common factor of 946995 and 435?
435
What is the greatest common divisor of 29603 and 21?
7
Calculate the greatest common divisor of 346 and 1504754.
346
What is the highest common factor of 28 and 29404?
4
Calculate the greatest common divisor of 2266 and 4944.
206
Calculate the greatest common factor of 19990 and 4.
2
What is the highest common divisor of 1040 and 4030?
130
Calculate the highest common divisor of 162 and 18504.
18
Calculate the highest common divisor of 522744 and 92.
92
Calculate the highest common divisor of 12225400 and 50.
50
Calculate the highest common divisor of 1675 and 3937925.
1675
What is the greatest common divisor of 20 and 1304850?
10
Calculate the greatest common divisor of 29760 and 330.
30
What is the greatest common divisor of 462990 and 9394?
1342
What is the greatest common factor of 9027 and 65790?
153
What is the greatest common divisor of 18642 and 4170?
6
Calculate the greatest common factor of 4560 and 18848.
304
What is the highest common divisor of 39 and 65559?
39
Calculate the greatest common divisor of 15948 and 4056.
12
What is the highest common divisor of 2134 and 24832?
194
Calculate the highest common divisor of 17000 and 46500.
500
Calculate the greatest common factor of 12891 and 3.
3
What is the highest common divisor of 112 and 910848?
16
What is the highest common divisor of 75138 and 252?
42
What is the highest common divisor of 139593 and 474?
237
Calculate the greatest common factor of 1080 and 38440.
40
What is the highest common divisor of 96811 and 429?
143
What is the greatest common divisor of 282 and 223814?
94
Calculate the greatest common divisor of 458 and 106027.
229
W